{"id":975,"date":"2023-11-15T07:58:05","date_gmt":"2023-11-15T07:58:05","guid":{"rendered":"https:\/\/vlade.ro\/?post_type=product&#038;p=975"},"modified":"2024-03-27T08:21:40","modified_gmt":"2024-03-27T08:21:40","slug":"carnat-fuet","status":"publish","type":"product","link":"https:\/\/vlade.ro\/en\/product\/carnat-fuet\/","title":{"rendered":"C\u00e2rna\u021b Fuet"},"content":{"rendered":"<p>C\u00e2rna\u021b Fuet cu origini ad\u00e2nc \u00eenr\u0103d\u0103cinate \u00een arta charcuteriei, acest c\u00e2rna\u021b de origine spaniol\u0103 \u00ee\u0219i g\u0103se\u0219te drumul \u00een inimile iubitorilor de gust autentic \u0219i rafinat.<\/p>\n<p>&nbsp;<\/p>\n<p><strong>Caracteristici Remarcabile:<\/strong><\/p>\n<ul>\n<li><strong>Arom\u0103 Inconfundabil\u0103:<\/strong> C\u00e2rna\u021bul Fuet eman\u0103 o arom\u0103 intens\u0103 \u0219i inconfundabil\u0103, rezultat al condimentelor fine \u0219i a matur\u0103rii \u00eendelungate.<\/li>\n<li><strong>Textur\u0103 Delicat\u0103:<\/strong> Cu o textur\u0103 delicat\u0103 \u0219i o consisten\u021b\u0103 perfect echilibrat\u0103 \u00eentre carne \u0219i gr\u0103sime, fiecare felie aduce o experien\u021b\u0103 senzorial\u0103 unic\u0103.<\/li>\n<li><strong>Maturare Cu Grij\u0103:<\/strong> Procesul de maturare cu grij\u0103 confer\u0103 c\u00e2rna\u021bului Fuet o profunzime de gust \u0219i o fine\u021be care se simt \u00een fiecare mu\u0219c\u0103tur\u0103.<\/li>\n<li><strong>Felii Sub\u021biri, Gust Intens:<\/strong> Fiecare felie sub\u021bire dezv\u0103luie gustul complex al acestei delicatese, oferindu-\u021bi posibilitatea de a savura \u0219i aprecia \u00een detaliu fiecare nuan\u021b\u0103.<\/li>\n<\/ul>\n<p><strong>Sugestii de Degustare:<\/strong><\/p>\n<ul>\n<li><strong>Platou Refined:<\/strong> Servit pe un platou \u00eempreun\u0103 cu br\u00e2nzeturi selecte, nuci \u0219i fructe uscate, c\u00e2rna\u021bul Fuet devine punctul culminant al unui aperitiv sofisticat.<\/li>\n<\/ul>","protected":false},"excerpt":{"rendered":"<p>C\u00e2rna\u021b Fuet cu origini ad\u00e2nc \u00eenr\u0103d\u0103cinate \u00een arta charcuteriei, acest c\u00e2rna\u021b de origine spaniol\u0103 \u00ee\u0219i g\u0103se\u0219te drumul \u00een inimile iubitorilor de gust autentic \u0219i rafinat.<\/p>\n<p><strong>Ingrediente<\/strong>: spata porc, slanina, piper,sare\u00a0cu\u00a0nitrit,culturi\u00a0starter<\/p>\n<p><strong>Declaratie nutritionala<\/strong> pentru 100 gr.produs\u00a0\u00a0\u00a0valoare\u00a0\u00a0\u00a0\u00a0energetica 249 kcal,<\/p>\n<p>1058\u00a0kj,grasimi\u00a017\u00a0gr,din\u00a0care\u00a0acizi<\/p>\n<p>grasi\u00a0sat.10\u00a0gr,\u00a0glucide\u00a00\u00a0gr,proteine\u00a024\u00a0gr,sare\u00a02,7\u00a0gr<\/p>","protected":false},"featured_media":976,"comment_status":"open","ping_status":"closed","template":"","meta":[],"product_cat":[28],"product_tag":[],"class_list":["post-975","product","type-product","status-publish","has-post-thumbnail","hentry","product_cat-carnati"],"jetpack_sharing_enabled":true,"_links":{"self":[{"href":"https:\/\/vlade.ro\/en\/wp-json\/wp\/v2\/product\/975","targetHints":{"allow":["GET"]}}],"collection":[{"href":"https:\/\/vlade.ro\/en\/wp-json\/wp\/v2\/product"}],"about":[{"href":"https:\/\/vlade.ro\/en\/wp-json\/wp\/v2\/types\/product"}],"replies":[{"embeddable":true,"href":"https:\/\/vlade.ro\/en\/wp-json\/wp\/v2\/comments?post=975"}],"wp:featuredmedia":[{"embeddable":true,"href":"https:\/\/vlade.ro\/en\/wp-json\/wp\/v2\/media\/976"}],"wp:attachment":[{"href":"https:\/\/vlade.ro\/en\/wp-json\/wp\/v2\/media?parent=975"}],"wp:term":[{"taxonomy":"product_cat","embeddable":true,"href":"https:\/\/vlade.ro\/en\/wp-json\/wp\/v2\/product_cat?post=975"},{"taxonomy":"product_tag","embeddable":true,"href":"https:\/\/vlade.ro\/en\/wp-json\/wp\/v2\/product_tag?post=975"}],"curies":[{"name":"wp","href":"https:\/\/api.w.org\/{rel}","templated":true}]}}

Cârnaț Fuet

<p>Cârnaț Fuet cu origini adânc înrădăcinate în arta charcuteriei, acest cârnaț de origine spaniolă își găsește drumul în inimile iubitorilor de gust autentic și rafinat.</p>
<p>&nbsp;</p>
<p><strong>Caracteristici Remarcabile:</strong></p>
<ul>
<li><strong>Aromă Inconfundabilă:</strong> Cârnațul Fuet emană o aromă intensă și inconfundabilă, rezultat al condimentelor fine și a maturării îndelungate.</li>
<li><strong>Textură Delicată:</strong> Cu o textură delicată și o consistență perfect echilibrată între carne și grăsime, fiecare felie aduce o experiență senzorială unică.</li>
<li><strong>Maturare Cu Grijă:</strong> Procesul de maturare cu grijă conferă cârnațului Fuet o profunzime de gust și o finețe care se simt în fiecare mușcătură.</li>
<li><strong>Felii Subțiri, Gust Intens:</strong> Fiecare felie subțire dezvăluie gustul complex al acestei delicatese, oferindu-ți posibilitatea de a savura și aprecia în detaliu fiecare nuanță.</li>
</ul>
<p><strong>Sugestii de Degustare:</strong></p>
<ul>
<li><strong>Platou Refined:</strong> Servit pe un platou împreună cu brânzeturi selecte, nuci și fructe uscate, cârnațul Fuet devine punctul culminant al unui aperitiv sofisticat.</li>
</ul>

<p>Cârnaț Fuet cu origini adânc înrădăcinate în arta charcuteriei, acest cârnaț de origine spaniolă își găsește drumul în inimile iubitorilor de gust autentic și rafinat.</p>
<p><strong>Ingrediente</strong>: spata porc, slanina, piper,sare cu nitrit,culturi starter</p>
<p><strong>Declaratie nutritionala</strong> pentru 100 gr.produs   valoare    energetica 249 kcal,</p>
<p>1058 kj,grasimi 17 gr,din care acizi</p>
<p>grasi sat.10 gr, glucide 0 gr,proteine 24 gr,sare 2,7 gr</p>
